{"id":54510,"date":"2020-04-02T15:58:13","date_gmt":"2020-04-02T18:58:13","guid":{"rendered":"http:\/\/www.lorena.sp.gov.br\/wordpress\/?page_id=54510"},"modified":"2021-08-18T09:49:05","modified_gmt":"2021-08-18T12:49:05","slug":"decretos-coronavirus","status":"publish","type":"page","link":"http:\/\/www.lorena.sp.gov.br\/wordpress\/index.php\/decretos-2013\/decretos-coronavirus\/","title":{"rendered":"Decretos Coronav\u00edrus"},"content":{"rendered":"<p><span style=\"color: #ffffff; background-color: blue;\"><strong>DECRETOS<\/strong><\/span><\/p>\n<table style=\"border: solid 1px #ccc; table-layout: fixed; width: 100%;\">\n<tbody style=\"display: flex; flex-direction: row;\">\n<tr style=\"display: flex; flex-direction: column; border: solid 1px #ccc; padding: 0px 20px; width: 100%; text-align: center;\">\n<td><span style=\"color: #3366ff;\"><a style=\"color: #3366ff;\" href=\"http:\/\/www.lorena.sp.gov.br\/wordpress\/wp-content\/uploads\/2020\/03\/DECRETO-N\u00ba7403-DE-17-DE-MAR\u00c7O-DE-2020.pdf\">Decreto 7403.2020<\/a><\/span><\/td>\n<td><span style=\"color: #3366ff;\"><a style=\"color: #3366ff;\" href=\"http:\/\/www.lorena.sp.gov.br\/wordpress\/wp-content\/uploads\/2020\/03\/Decreto-7407.2020.pdf\">Decreto 7407.2020<\/a><\/span><\/td>\n<td><span style=\"color: #3366ff;\"><a style=\"color: #3366ff;\" href=\"http:\/\/www.lorena.sp.gov.br\/wordpress\/wp-content\/uploads\/2020\/04\/Decreto-7.412-2020_20200407165018.pdf\">Decreto 7412.2020<\/a><\/span><\/td>\n<td><span style=\"color: #3366ff;\"><a style=\"color: #3366ff;\" href=\"http:\/\/www.lorena.sp.gov.br\/wordpress\/wp-content\/uploads\/2020\/04\/7417130420202.pdf\">Decreto 7417.2020<\/a><\/span><\/td>\n<td><span style=\"color: #3366ff;\"><a style=\"color: #3366ff;\" href=\"http:\/\/www.lorena.sp.gov.br\/wordpress\/wp-content\/uploads\/2020\/04\/DECRETO-N\u00ba.-7423-11-DE-MAIO-DE-2020.pdf\">Decreto 7423.2020<\/a><\/span><\/td>\n<td><span style=\"color: #3366ff;\"><a style=\"color: #3366ff;\" href=\"http:\/\/www.lorena.sp.gov.br\/wordpress\/wp-content\/uploads\/2020\/06\/Decreto-n\u00ba.-7.434.2020.pdf\">Decreto 7434.2020<\/a><\/span><\/td>\n<td><span style=\"color: #3366ff;\"><a style=\"color: #3366ff;\" href=\"http:\/\/www.lorena.sp.gov.br\/wordpress\/wp-content\/uploads\/2020\/06\/Decreto-7440-DE-2020.pdf\" target=\"_blank\">Decreto 7440.2020<\/a><\/span><\/td>\n<td><span style=\"color: #3366ff;\"><a style=\"color: #3366ff;\" href=\"http:\/\/www.lorena.sp.gov.br\/wordpress\/wp-content\/uploads\/2020\/07\/Decreto-7.455-2020.pdf\">Decreto 7455.2020<\/a><\/span><\/td>\n<td><span style=\"color: #3366ff;\"><a style=\"color: #3366ff;\" href=\"http:\/\/www.lorena.sp.gov.br\/wordpress\/wp-content\/uploads\/2020\/08\/Decreto-7472.2020.pdf\" target=\"_blank\">Decreto 7472.2020<\/a><\/span><\/td>\n<td><span style=\"color: #3366ff;\"><a style=\"color: #3366ff;\" href=\"http:\/\/www.lorena.sp.gov.br\/wordpress\/wp-content\/uploads\/2020\/04\/Decreto-7481.2020.pdf\">Decreto 7481.2020<\/a><\/span><\/td>\n<td><span style=\"color: #3366ff;\"><a style=\"color: #3366ff;\" href=\"http:\/\/www.lorena.sp.gov.br\/wordpress\/wp-content\/uploads\/2020\/09\/Decreto-7491-2020.pdf\">Decreto 7491.2020<\/a><\/span><\/td>\n<td><span style=\"color: #3366ff;\"><a style=\"color: #3366ff;\" href=\"http:\/\/www.lorena.sp.gov.br\/wordpress\/wp-content\/uploads\/2020\/04\/Decreto-7502.2020.pdf\">Decreto 7502.2020<\/a><\/span><\/td>\n<td><span style=\"color: #3366ff;\"><a style=\"color: #3366ff;\" href=\"http:\/\/www.lorena.sp.gov.br\/wordpress\/wp-content\/uploads\/2020\/04\/Decreto-7521.2020.pdf\">Decreto 7521.2020<\/a><\/span><\/td>\n<td><span style=\"color: #3366ff;\">D<a style=\"color: #3366ff;\" href=\"http:\/\/www.lorena.sp.gov.br\/wordpress\/wp-content\/uploads\/2020\/04\/decreto-7548.2020.pdf\">ecreto 7548.2020<\/a><\/span><\/td>\n<td><span style=\"color: #3366ff;\"><a style=\"color: #3366ff;\" href=\"http:\/\/www.lorena.sp.gov.br\/wordpress\/wp-content\/uploads\/2021\/01\/Decreto-n\u00ba.-7557.2021.pdf\">Decreto 7557.2021<\/a><\/span><\/td>\n<td><span style=\"color: #3366ff;\"><a style=\"color: #3366ff;\" href=\"http:\/\/www.lorena.sp.gov.br\/wordpress\/wp-content\/uploads\/2021\/02\/Decreto-7563.2021.pdf\">Decreto 7563.2021<\/a><\/span><\/td>\n<td><span style=\"color: #3366ff;\"><a style=\"color: #3366ff;\" href=\"http:\/\/www.lorena.sp.gov.br\/wordpress\/wp-content\/uploads\/2021\/02\/Decreto-7567.2021.pdf\">Decreto 7567.2021<\/a><\/span><\/td>\n<td><span style=\"color: #3366ff;\"><a style=\"color: #3366ff;\" href=\"http:\/\/www.lorena.sp.gov.br\/wordpress\/wp-content\/uploads\/2021\/03\/Decreto-7591.2021.pdf\">Decreto 7591.2021<\/a><\/span><\/td>\n<td><span style=\"color: #3366ff;\"><a style=\"color: #3366ff;\" href=\"http:\/\/www.lorena.sp.gov.br\/wordpress\/wp-content\/uploads\/2021\/04\/Decreto-n\u00ba-7.604.pdf\">Decreto 7604.2021<\/a><\/span><\/td>\n<td><span style=\"color: #3366ff;\"><a style=\"color: #3366ff;\" href=\"http:\/\/www.lorena.sp.gov.br\/wordpress\/wp-content\/uploads\/2021\/05\/Decreto-n\u00ba-7614-2021-Extensa\u0303o-da-Fase-Transito\u0301ria.pdf\">Decreto 7614.2021<\/a><\/span><\/td>\n<td><span style=\"color: #3366ff;\"><a style=\"color: #3366ff;\" href=\"http:\/\/www.lorena.sp.gov.br\/wordpress\/wp-content\/uploads\/2021\/06\/Decreto-7.633.2021.pdf\">Decreto 7633.2021<\/a><strong><a style=\"color: #3366ff;\" href=\"http:\/\/www.lorena.sp.gov.br\/wordpress\/wp-content\/uploads\/2021\/06\/Decreto-7.633.2021.pdf\">\u00a0<\/a><\/strong><\/span><\/td>\n<td><span style=\"color: #3366ff;\"><a style=\"color: #3366ff;\" href=\"http:\/\/www.lorena.sp.gov.br\/wordpress\/wp-content\/uploads\/2021\/07\/DECRETO-7649-DE-2021.pdf\">Decreto 7649.2021\u00a0<\/a><\/span><\/td>\n<\/tr>\n<tr style=\"display: flex; flex-direction: column; border: solid 1px #ccc; padding: 0px 20px; width: 100%; text-align: center;\">\n<td><span style=\"color: #3366ff;\"><a style=\"color: #3366ff;\" href=\"http:\/\/www.lorena.sp.gov.br\/wordpress\/wp-content\/uploads\/2020\/03\/Decreto-7404.2020.pdf\">Decreto 7404.2020<\/a><\/span><\/td>\n<td><span style=\"color: #3366ff;\"><a style=\"color: #3366ff;\" href=\"http:\/\/www.lorena.sp.gov.br\/wordpress\/wp-content\/uploads\/2020\/03\/Decreto-7408.2020.pdf\">Decreto 7408.2020<\/a><\/span><\/td>\n<td><span style=\"color: #3366ff;\"><a style=\"color: #3366ff;\" href=\"http:\/\/www.lorena.sp.gov.br\/wordpress\/wp-content\/uploads\/2020\/04\/Decreto-7415.2020.pdf\">Decreto 7415.2020<\/a><\/span><\/td>\n<td><span style=\"color: #3366ff;\"><a style=\"color: #3366ff;\" href=\"http:\/\/www.lorena.sp.gov.br\/wordpress\/wp-content\/uploads\/2020\/04\/Decreto-7418.2020.pdf\">Decreto 7418.2020<\/a><\/span><\/td>\n<td><span style=\"color: #3366ff;\"><a style=\"color: #3366ff;\" href=\"http:\/\/www.lorena.sp.gov.br\/wordpress\/wp-content\/uploads\/2020\/04\/Decreto-7428.2020.pdf\">Decreto 7428.2020<\/a><\/span><\/td>\n<td><span style=\"color: #3366ff;\"><a style=\"color: #3366ff;\" href=\"http:\/\/www.lorena.sp.gov.br\/wordpress\/wp-content\/uploads\/2020\/04\/Decreto-7435.2020.pdf\">Decreto 7435.2020<\/a><\/span><\/td>\n<td><span style=\"color: #3366ff;\"><a style=\"color: #3366ff;\" href=\"http:\/\/www.lorena.sp.gov.br\/wordpress\/wp-content\/uploads\/2020\/06\/Decreto-7.441-2020.pdf\">Decreto 7441.2020<\/a><\/span><\/td>\n<td><span style=\"color: #3366ff;\"><a style=\"color: #3366ff;\" href=\"http:\/\/www.lorena.sp.gov.br\/wordpress\/wp-content\/uploads\/2020\/07\/Decreto-7466.2020.pdf\">Decreto 7466.2020<\/a><\/span><\/td>\n<td><span style=\"color: #3366ff;\"><a style=\"color: #3366ff;\" href=\"http:\/\/www.lorena.sp.gov.br\/wordpress\/wp-content\/uploads\/2020\/04\/Decreto-7.477-2020.pdf\">Decreto 7477.2020<\/a><\/span><\/td>\n<td><span style=\"color: #3366ff;\"><a style=\"color: #3366ff;\" href=\"http:\/\/www.lorena.sp.gov.br\/wordpress\/wp-content\/uploads\/2020\/09\/Decreto-7.486-2020.pdf\">Decreto 7486.2020<\/a><\/span><\/td>\n<td><span style=\"color: #3366ff;\"><a style=\"color: #3366ff;\" href=\"http:\/\/www.lorena.sp.gov.br\/wordpress\/wp-content\/uploads\/2020\/04\/Decreto-7.495-2020.pdf\">Decreto 7495.2020<\/a><\/span><\/td>\n<td><span style=\"color: #3366ff;\"><a style=\"color: #3366ff;\" href=\"http:\/\/www.lorena.sp.gov.br\/wordpress\/wp-content\/uploads\/2020\/04\/Decreto-7504.2020.pdf\">Decreto 7504.2020<\/a><\/span><\/td>\n<td><span style=\"color: #3366ff;\"><a style=\"color: #3366ff;\" href=\"http:\/\/www.lorena.sp.gov.br\/wordpress\/wp-content\/uploads\/2020\/04\/Decreto-n\u00ba-7534.2020.pdf\">Decreto 7534.2020<\/a><\/span><\/td>\n<td><span style=\"color: #3366ff;\"><a style=\"color: #3366ff;\" href=\"http:\/\/www.lorena.sp.gov.br\/wordpress\/wp-content\/uploads\/2021\/01\/PREFEITURA-MUNICIPAL-DE-LORENA.pdf\">Decreto 7549.202<\/a>1<\/span><\/td>\n<td><span style=\"color: #3366ff;\"><a style=\"color: #3366ff;\" href=\"http:\/\/www.lorena.sp.gov.br\/wordpress\/wp-content\/uploads\/2021\/01\/Decreto-7558.2021.pdf\">Decreto 7558.2021<\/a><\/span><\/td>\n<td><span style=\"color: #3366ff;\"><a style=\"color: #3366ff;\" href=\"http:\/\/www.lorena.sp.gov.br\/wordpress\/wp-content\/uploads\/2021\/02\/Decreto-7564.2021.pdf\">Decreto 7564.2021<\/a><\/span><\/td>\n<td><span style=\"color: #3366ff;\"><a style=\"color: #3366ff;\" href=\"http:\/\/www.lorena.sp.gov.br\/wordpress\/wp-content\/uploads\/2021\/03\/Decreto-7580.2021.pdf\">Decreto 7580.2021<\/a><\/span><\/td>\n<td><span style=\"color: #3366ff;\"><a style=\"color: #3366ff;\" href=\"http:\/\/www.lorena.sp.gov.br\/wordpress\/wp-content\/uploads\/2020\/04\/Decreto-7.599.2021.pdf\">Decreto 7599.2021<\/a><\/span><\/td>\n<td><span style=\"color: #3366ff;\"><a style=\"color: #3366ff;\" href=\"http:\/\/www.lorena.sp.gov.br\/wordpress\/wp-content\/uploads\/2021\/04\/Decreto-7605.2021.pdf\">Decreto 7605.2021\u00a0<\/a><\/span><\/td>\n<td><span style=\"color: #3366ff;\"><a style=\"color: #3366ff;\" href=\"http:\/\/www.lorena.sp.gov.br\/wordpress\/wp-content\/uploads\/2021\/05\/Decreto-7.621-Fase-Transito\u0301ria.pdf\">Decreto 7621.2021<\/a><\/span><\/td>\n<td><span style=\"color: #3366ff;\"><a style=\"color: #3366ff;\" href=\"http:\/\/www.lorena.sp.gov.br\/wordpress\/wp-content\/uploads\/2021\/06\/Decreto-7636.2021.pdf\">Decreto 7636.2021\u00a0<\/a><\/span><\/td>\n<td><strong><span style=\"color: #3366ff;\"><a style=\"color: #3366ff;\" href=\"http:\/\/www.lorena.sp.gov.br\/wordpress\/wp-content\/uploads\/2021\/08\/DECRETO-COVID.pdf\">Decreto 7661.2021\u00a0<\/a><\/span><\/strong><\/td>\n<\/tr>\n<tr style=\"display: flex; flex-direction: column; border: solid 1px #ccc; padding: 0px 20px; width: 100%; text-align: center;\">\n<td><span style=\"color: #3366ff;\"><a style=\"color: #3366ff;\" href=\"http:\/\/www.lorena.sp.gov.br\/wordpress\/wp-content\/uploads\/2020\/03\/Decreto-7405.2020.pdf\">Decreto 7405.2020<\/a><\/span><\/td>\n<td><span style=\"color: #3366ff;\"><a style=\"color: #3366ff;\" href=\"http:\/\/www.lorena.sp.gov.br\/wordpress\/wp-content\/uploads\/2020\/03\/Decreto-7409-2020_20200331153857.pdf\">Decreto 7409.2020<\/a><\/span><\/td>\n<td><span style=\"color: #3366ff;\"><a style=\"color: #3366ff;\" href=\"http:\/\/www.lorena.sp.gov.br\/wordpress\/wp-content\/uploads\/2020\/04\/Decreto-7.416-2029_20200413173539.pdf.pdf\">Decreto 7416.2020<\/a><\/span><\/td>\n<td><span style=\"color: #3366ff;\"><a style=\"color: #3366ff;\" href=\"http:\/\/www.lorena.sp.gov.br\/wordpress\/wp-content\/uploads\/2020\/04\/Decreto-7419.2020-1.pdf\" target=\"_blank\">Decreto 7419.2020<\/a><\/span><\/td>\n<td><span style=\"color: #3366ff;\"><a style=\"color: #3366ff;\" href=\"http:\/\/www.lorena.sp.gov.br\/wordpress\/wp-content\/uploads\/2020\/05\/DECRETO-N\u00ba7.429-29-DE-MAIO-DE-2020.pdf\">Decreto 7429.2020<\/a><\/span><\/td>\n<td><span style=\"color: #3366ff;\"><a style=\"color: #3366ff;\" href=\"http:\/\/www.lorena.sp.gov.br\/wordpress\/wp-content\/uploads\/2020\/04\/Decreto-7436.2020.pdf\">Decreto 7436.2020<\/a><\/span><\/td>\n<td><span style=\"color: #3366ff;\"><a style=\"color: #3366ff;\" href=\"http:\/\/www.lorena.sp.gov.br\/wordpress\/wp-content\/uploads\/2020\/04\/Decreto-7.451-2020.pdf\">Decreto 7451.2020<\/a><\/span><\/td>\n<td><span style=\"color: #3366ff;\"><a style=\"color: #3366ff;\" href=\"http:\/\/www.lorena.sp.gov.br\/wordpress\/wp-content\/uploads\/2020\/08\/Decreto-7471.2020.pdf\">Decreto 7471.2020<\/a><\/span><\/td>\n<td><span style=\"color: #3366ff;\"><a style=\"color: #3366ff;\" href=\"http:\/\/www.lorena.sp.gov.br\/wordpress\/wp-content\/uploads\/2020\/04\/Decreto-7480.2020.pdf\">Decreto 7480.2020<\/a><\/span><\/td>\n<td><span style=\"color: #3366ff;\"><a style=\"color: #3366ff;\" href=\"http:\/\/www.lorena.sp.gov.br\/wordpress\/wp-content\/uploads\/2020\/04\/Decreto-7.489-2020.pdf\">Decreto 7489.2020<\/a><\/span><\/td>\n<td><span style=\"color: #3366ff;\"><a style=\"color: #3366ff;\" href=\"http:\/\/www.lorena.sp.gov.br\/wordpress\/wp-content\/uploads\/2020\/10\/Decreto-7500.2020.pdf\" target=\"_blank\">Decreto 7500.2020<\/a><\/span><\/td>\n<td><span style=\"color: #3366ff;\"><a style=\"color: #3366ff;\" href=\"http:\/\/www.lorena.sp.gov.br\/wordpress\/wp-content\/uploads\/2020\/11\/Decreto-7.511.2020.pdf\">Decreto 7511.2020<\/a><\/span><\/td>\n<td><span style=\"color: #3366ff;\"><a style=\"color: #3366ff;\" href=\"http:\/\/www.lorena.sp.gov.br\/wordpress\/wp-content\/uploads\/2020\/04\/Decreto-7538.2020.pdf\">Decreto 7538.2020<\/a><\/span><\/td>\n<td><span style=\"color: #3366ff;\"><a style=\"color: #3366ff;\" href=\"http:\/\/www.lorena.sp.gov.br\/wordpress\/wp-content\/uploads\/2021\/01\/Decreto-15-01-2021.pdf\">Decreto 7554.2021<\/a><\/span><\/td>\n<td><span style=\"color: #3366ff;\"><a style=\"color: #3366ff;\" href=\"http:\/\/www.lorena.sp.gov.br\/wordpress\/wp-content\/uploads\/2021\/01\/Decreto-7.560-de-2021.pdf\">Decreto 7560.2021<\/a><\/span><\/td>\n<td><span style=\"color: #3366ff;\"><a style=\"color: #3366ff;\" href=\"http:\/\/www.lorena.sp.gov.br\/wordpress\/wp-content\/uploads\/2021\/02\/Decreto-7565.2021.pdf\">Decreto 7565.2021<\/a><\/span><\/td>\n<td><span style=\"color: #3366ff;\"><a style=\"color: #3366ff;\" href=\"http:\/\/www.lorena.sp.gov.br\/wordpress\/wp-content\/uploads\/2021\/03\/Decreto-7585.2021.pdf\">Decreto 7585.2021<\/a><\/span><\/td>\n<td><span style=\"color: #3366ff;\"><a style=\"color: #3366ff;\" href=\"http:\/\/www.lorena.sp.gov.br\/wordpress\/wp-content\/uploads\/2021\/04\/DECRETO-FASE-TRANSITO\u0301RIA.pdf\">Decreto 7603.2021<\/a><\/span><\/td>\n<td><span style=\"color: #3366ff;\"><a style=\"color: #3366ff;\" href=\"http:\/\/www.lorena.sp.gov.br\/wordpress\/wp-content\/uploads\/2021\/04\/Decreto-7611.2021.pdf\" target=\"_blank\">Decreto 7611.2021\u00a0<\/a><\/span><\/td>\n<td><span style=\"color: #3366ff;\"><a style=\"color: #3366ff;\" href=\"http:\/\/www.lorena.sp.gov.br\/wordpress\/wp-content\/uploads\/2021\/06\/Decreto-7.631.2021.pdf\">Decreto\u00a0 7631.2021<\/a><\/span><\/td>\n<td><span style=\"color: #3366ff;\"><a style=\"color: #3366ff;\" href=\"http:\/\/www.lorena.sp.gov.br\/wordpress\/wp-content\/uploads\/2021\/07\/Decreto-7.639.2021.pdf\">Decreto 7639.2021<\/a>\u00a0<\/span><\/td>\n<td><\/td>\n<\/tr>\n<\/tbody>\n<\/table>\n<p>&nbsp;<\/p>\n<p><span style=\"color: #ffffff; background-color: blue;\"><strong>PLANOS DE CONTING\u00caNCIA<\/strong><\/span><\/p>\n<p><span style=\"color: #3366ff;\"><a style=\"color: #3366ff;\" href=\"http:\/\/www.lorena.sp.gov.br\/wordpress\/wp-content\/uploads\/2020\/04\/Plano-de-Conting\u00eancia-Secretaria-de-Sa\u00fade.pdf\">Plano de Conting\u00eancia &#8211; Secretaria de Sa\u00fade<\/a>\u00a0<span style=\"color: #333333;\">(O Plano de 2020 permanece vigente em 2021)<\/span><\/span><\/p>\n<p><span style=\"color: #3366ff;\"><a style=\"color: #3366ff;\" href=\"http:\/\/www.lorena.sp.gov.br\/wordpress\/wp-content\/uploads\/2020\/04\/Plano-de-Conting\u00eancia-Santa-Casa-de-Lorena.pdf\">Plano de Conting\u00eancia &#8211; Santa Casa de Lorena &#8211; Ano de 2020<\/a><\/span><\/p>\n<p><span style=\"color: #3366ff;\"><a style=\"color: #3366ff;\" href=\"http:\/\/www.lorena.sp.gov.br\/wordpress\/wp-content\/uploads\/2021\/04\/SCIH-PO-050-PLANO-DE-CONTING\u00caNCIA-COVID-19-Rev-23.03-.pdf\">Plano de Conting\u00eancia &#8211; Santa Casa de Lorena &#8211; Mar\u00e7o de 2021<\/a><\/span><\/p>\n<p><span style=\"color: #3366ff;\"><a style=\"color: #3366ff;\" href=\"http:\/\/www.lorena.sp.gov.br\/wordpress\/wp-content\/uploads\/2020\/05\/PLANO-DE-CONTING\u00caNCIA-HOSPITAL-UNIMED-REVISADO.pdf\">Plano de Conting\u00eancia &#8211; Hospital Unimed de Lorena<\/a>\u00a0<span style=\"color: #333333;\">(O Plano de 2020 permanece vigente em 2021)<\/span><\/span><\/p>\n<p><span style=\"color: #ffffff; background-color: blue;\"><strong>PORTARIAS E COMUNICADOS<\/strong><\/span><\/p>\n<p><span style=\"color: #3366ff;\"><a style=\"color: #3366ff;\" href=\"http:\/\/www.lorena.sp.gov.br\/wordpress\/wp-content\/uploads\/2020\/05\/COMUNICADO-AOS-PAIS-DE-ALUNOS-CADASTRAMENTO-PARA-FORNECIMENTO-MERENDA-ESCOLAR-ALUNOS-PER\u00cdODO-DE-ATIVIDADES-ESCOLARES-N\u00c3O-PRESENCIAIS.pdf\">Comunicado aos pais e respons\u00e1veis de alunos &#8211; Cadastramento para fornecimento de merenda escolar (MAIO\/2020)<\/a><\/span><\/p>\n<p><span style=\"color: #333333;\">PS.: A merenda escolar que ser\u00e1 distribu\u00edda no ano de 2021 est\u00e1 sendo licitada, e assim que o processo de compra estiver conclu\u00eddo, a Secretaria de Educa\u00e7\u00e3o divulgar\u00e1 as datas para recebimento.<\/span><\/p>\n<p><span style=\"color: #3366ff;\"><a style=\"color: #3366ff;\" href=\"http:\/\/www.lorena.sp.gov.br\/wordpress\/wp-content\/uploads\/2021\/04\/Portaria-n.-22.276-2021.pdf\">Portaria n\u00ba. 22.276 de 2021 &#8211;\u00a0Homologa\u00e7\u00e3o do Plano Estrat\u00e9gico para o Retorno das Aulas Presenciais<\/a><\/span><\/p>\n<p><span style=\"color: #3366ff;\"><strong><a style=\"color: #3366ff;\" href=\"http:\/\/www.lorena.sp.gov.br\/wordpress\/wp-content\/uploads\/2021\/04\/Plano-de-Retomada-Aulas-Presenciais.pdf\" target=\"_blank\">PLANO DE RETOMADA DAS AULAS PRESENCIAIS<\/a><\/strong><\/span><\/p>\n","protected":false},"excerpt":{"rendered":"<p>DECRETOS Decreto 7403.2020 Decreto 7407.2020 Decreto 7412.2020 Decreto 7417.2020 Decreto 7423.2020 Decreto 7434.2020 Decreto 7440.2020 Decreto 7455.2020 Decreto 7472.2020 Decreto 7481.2020 Decreto 7491.2020 Decreto 7502.2020 Decreto 7521.2020 Decreto 7548.2020 Decreto 7557.2021 Decreto 7563.2021 Decreto 7567.2021 Decreto 7591.2021 Decreto 7604.2021 Decreto 7614.2021 Decreto 7633.2021\u00a0 Decreto 7649.2021\u00a0 Decreto 7404.2020 Decreto 7408.2020 Decreto 7415.2020 Decreto 7418.2020 Decreto 7428.2020<\/p>\n<div class=\"read-more\"><a href=\"http:\/\/www.lorena.sp.gov.br\/wordpress\/index.php\/decretos-2013\/decretos-coronavirus\/\" title=\"Read More\">Read More<\/a><\/div>\n","protected":false},"author":2,"featured_media":60706,"parent":8350,"menu_order":0,"comment_status":"open","ping_status":"open","template":"page-blocks.php","meta":{"footnotes":""},"class_list":["post-54510","page","type-page","status-publish","has-post-thumbnail"],"_links":{"self":[{"href":"http:\/\/www.lorena.sp.gov.br\/wordpress\/index.php\/wp-json\/wp\/v2\/pages\/54510"}],"collection":[{"href":"http:\/\/www.lorena.sp.gov.br\/wordpress\/index.php\/wp-json\/wp\/v2\/pages"}],"about":[{"href":"http:\/\/www.lorena.sp.gov.br\/wordpress\/index.php\/wp-json\/wp\/v2\/types\/page"}],"author":[{"embeddable":true,"href":"http:\/\/www.lorena.sp.gov.br\/wordpress\/index.php\/wp-json\/wp\/v2\/users\/2"}],"replies":[{"embeddable":true,"href":"http:\/\/www.lorena.sp.gov.br\/wordpress\/index.php\/wp-json\/wp\/v2\/comments?post=54510"}],"version-history":[{"count":76,"href":"http:\/\/www.lorena.sp.gov.br\/wordpress\/index.php\/wp-json\/wp\/v2\/pages\/54510\/revisions"}],"predecessor-version":[{"id":62483,"href":"http:\/\/www.lorena.sp.gov.br\/wordpress\/index.php\/wp-json\/wp\/v2\/pages\/54510\/revisions\/62483"}],"up":[{"embeddable":true,"href":"http:\/\/www.lorena.sp.gov.br\/wordpress\/index.php\/wp-json\/wp\/v2\/pages\/8350"}],"wp:featuredmedia":[{"embeddable":true,"href":"http:\/\/www.lorena.sp.gov.br\/wordpress\/index.php\/wp-json\/wp\/v2\/media\/60706"}],"wp:attachment":[{"href":"http:\/\/www.lorena.sp.gov.br\/wordpress\/index.php\/wp-json\/wp\/v2\/media?parent=54510"}],"curies":[{"name":"wp","href":"https:\/\/api.w.org\/{rel}","templated":true}]}}